Let g be l(x). What is the highest common divisor of g and 11?
11
Let m be (-9752)/(-138) - (-15)/(-9). Calculate the greatest common factor of m and 713.
23
Let h be (-73 - -88) + 1 + -6. Let k(x) = 73*x**2 - 2*x - 1. Let j be k(-1). Let s = -49 + j. What is the highest common divisor of h and s?
5
Suppose 125 = 2*c + 105. Calculate the greatest common factor of c and 115.
5
Let j(f) = -f**3 + 2*f**2 + 39*f - 25. Let l be j(-6). Calculate the highest common divisor of 377 and l.
29
Suppose 2*w - 2*h + 71 = 5*w, 0 = -3*w - 4*h + 61. Suppose 8*k = -6*k + 9*k + 540. What is the highest common factor of k and w?
27
Suppose 57 = 2*m - 7. What is the highest common factor of m and 56?
8
Suppose -5*f + 65 = 5*v, -v - 3 + 28 = -3*f. Suppose 0 = -3*y - 0*y + 5*b + 518, 3*y - 4*b = 520. Calculate the greatest common factor of v and y.
16
Let a be (142 - 152) + 34*1. Calculate the greatest common divisor of a and 132.
12
Let r be (3/9)/(3/18). Suppose 6 = r*h, -s + 72 = -0*s + 4*h. What is the greatest common factor of s and 12?
12
Let y be -15*(124/(-20) - -3). Let n = y + 69. What is the highest common factor of n and 9?
9
Suppose 13*y = 1561 - 222. Suppose 5*z - 1 = 2*c + y, -4*c - 28 = -z. Calculate the highest common factor of 160 and z.
20
Suppose 6 + 66 = 4*q. Suppose q = -3*t + 6*t. Let o be (-172)/(-5) - t/(-10). Calculate the greatest common factor of o and 14.
7
Suppose 0 = -5*w + 2*q + q + 535, -w + 3*q + 95 = 0. Calculate the greatest common divisor of w and 44.
22
Suppose -12*i + 589 = 12*i - 1139. Let q be (-2 - -1)*1*-9. What is the greatest common divisor of i and q?
9
Suppose 4*m + 161 = 27*m. Calculate the greatest common divisor of m and 14.
7
Let x = -1 + 4. Let j be (-1 - x)*-1 - 2. Let a be (-55)/(-3) - (-1)/(-3). What is the greatest common divisor of j and a?
2
Let n be 28/20 - (-1 + (-21)/(-15)). Let j be 1*-3 - (-3 - 8). What is the greatest common factor of n and j?
1
Suppose 3*o = 4*v - 431, 0 = 4*v - 2*v - 4*o - 208. What is the highest common divisor of v and 30?
10
Suppose -17*u + 20*u = 1026. What is the greatest common factor of 18 and u?
18
Suppose 2*v = 5*v + 33. Let d be 7/9 - (-8)/36. Let a be v/(2/d + -3). What is the greatest common divisor of a and 44?
11
Let p(r) = 2*r + 14. Let k be p(-5). Suppose -k*c = 0, 4*c - 72 = -2*d + 5*c. Calculate the highest common factor of 12 and d.
12
Suppose 5*k + 24 = 2*w - 35, -2*k = -2*w + 26. Let d = k + 21. Calculate the greatest common factor of d and 10.
10
Let y be -1*(-1 - 2) - -4. Let r(o) = 2*o**2 - y*o - 3 - 2 - 1 + 2. Let s be r(7). Calculate the highest common factor of 18 and s.
9
Let q be 3*((-20)/(-12) + 0). Suppose q*r - 108 = -4*t + 134, 3*r + 321 = 5*t. Calculate the highest common divisor of t and 42.
21
Suppose v = -5*v + 18. Suppose -v*i + b + 6 = 0, -4*b - 10 = -4*i - i. Suppose -s = -i - 10. What is the highest common factor of 4 and s?
4
Let m(x) = -x**3 - 3*x**2 + 6*x + 12. Let g be m(-4). Let k = g + 5. What is the greatest common divisor of 18 and k?
9
Suppose 5*m = -1 + 16. Suppose 8*r + 2*r - 330 = 0. Calculate the highest common divisor of m and r.
3
Let r(o) = o**2 - o + 3. Let d be r(2). Let h be (d/15)/((-1)/(-54)). What is the highest common factor of h and 144?
18
Let g be 15/5 - (-2 - -7). Let i be (-27)/(2/(-4 - g)). Suppose -479 = -5*c + 196. What is the highest common divisor of c and i?
27
Suppose -4*j + 35 = -a - 12, -5*j + a + 59 = 0. Let o = 12 - 8. Calculate the highest common divisor of o and j.
4
Let w be 1*-3 + -2 + 2 + 10. Suppose -6*o - c = -o - 32, 44 = 5*o - 3*c. What is the highest common divisor of w and o?
7
Suppose 820 = 5*g - 8*p + 4*p, 25 = -5*p. Calculate the greatest common divisor of 96 and g.
32
Let h(y) = 10*y - 4. Let k be h(-1). Let f be 2 + (-3 - 0 - k). Let s = -1 + 14. What is the highest common factor of s and f?
13
Suppose 0 = 3*r - 5*g - 242, -r - g = 3 - 89. Calculate the highest common divisor of r and 294.
42
Let u(l) = 3*l + 276. Let q be u(10). Suppose 4*w + 67 - 191 = 4*g, 3*w + 3*g = 111. What is the highest common divisor of q and w?
34
Suppose 4*n = 6*n - 6. Let m be 2/n + (-666)/(-54). Calculate the highest common divisor of 143 and m.
13
Let l(p) = -131*p**3 - p**2 + 2. Let b be l(-1). Suppose 0 = z - 0 - 12. Calculate the greatest common factor of b and z.
12
Suppose 4*u - 341 = -5*v, 43 = 4*u + 4*v - 297. What is the highest common factor of 63 and u?
21
Suppose 5*k - 10*k + 1715 = 0. Let m be ((-2)/4)/((-5)/490). What is the highest common factor of k and m?
49
Let z = -317 + 482. Calculate the greatest common divisor of z and 5.
5
Let f be -2*(-9)/10*375. Calculate the greatest common divisor of 25 and f.
25
Let a(u) = -2*u**3 + 18*u**2 + 33*u - 23. Let b be a(10). What is the greatest common divisor of b and 1?
1
Suppose 5*u - 3*s = 9*u - 254, 3*u + 4*s = 194. What is the greatest common divisor of 93 and u?
31
Let n(b) = -5*b. Let s be n(0). Suppose -m = -s*m - 44. What is the greatest common factor of m and 4?
4
Let n(s) = 30*s + 154. Let z be n(-5). Calculate the greatest common factor of 220 and z.
4
Suppose 2*x - 3 = 5. Suppose 5*g = x*g. Suppose p - 5*p + 124 = g. What is the highest common factor of p and 93?
31
Suppose 0 = -9*z + 1038 + 2202. What is the highest common factor of 40 and z?
40
Let v(b) = 4*b**3 + b - 1. Suppose 0 = -6*i + 10*i - 4. Let x be v(i). What is the highest common factor of 56 and x?
4
Let a be (0 - 2/8)*-4. Let c = -1 + a. Suppose 18 = 4*t - c*y + 5*y, y = -3*t + 8. What is the greatest common factor of t and 14?
2
Let o(l) = l**2 - 3*l - 19. Let b be o(-6). Calculate the highest common divisor of 30 and b.
5
Let o(m) = m**3 - 26*m**2 + 3*m - 52. Let t be o(26). Calculate the highest common divisor of t and 6.
2
Let n = 24 + -21. Suppose -3*j = n*j - 54. Calculate the greatest common divisor of 63 and j.
9
Let i(h) = 3*h**2 + 11*h - 13. Let r be i(2). What is the greatest common divisor of r and 322?
7
Let x = 291 + -288. Let c(i) = 2*i**2 - i. Let a be c(-1). Calculate the highest common divisor of a and x.
3
Let b = -64 + 35. Let f = 43 + b. Let a = f - 6. What is the highest common divisor of 2 and a?
2
Let w(g) = 12*g**3 + 54*g**2 - 9. Let h be w(-4). Calculate the greatest common factor of 464 and h.
29
Suppose -4*c - 20*q + 23*q + 3885 = 0, -3*c = -3*q - 2913. What is the highest common divisor of c and 36?
36
Let t be 57*8/(-84)*-35. What is the highest common divisor of t and 285?
95
Let r be 67/201 - 16354/(-6). What is the greatest common factor of 94 and r?
94
Let m(w) = w**3 + 11*w**2 + 6*w + 2. Let h be m(-10). Let k = -122 - -60. Let t = -56 - k. What is the greatest common factor of t and h?
6
Suppose -8 = -4*p, 0 = 3*b - 42*p + 41*p - 280. Calculate the highest common factor of b and 2.
2
Suppose -8*r + 2706 = -6*r. Suppose 0 = 5*m - 4*z - r, 0 = -4*m - 2*z + 727 + 371. What is the greatest common divisor of 39 and m?
39
Suppose 4*q + 4*g - 236 = 0, -2*g - 2*g = -12. Calculate the greatest common factor of 8 and q.
8
Suppose -z + 4*c = -21, 0 = -8*z + 3*z - 5*c + 5. Suppose -z*u = -6*u + 17. What is the highest common factor of u and 187?
17
Let v = 2544 - 1645. Calculate the greatest common divisor of 29 and v.
29
Let p be 2 - 28/21 - (-2023)/21. Calculate the highest common factor of p and 3.
1
Let q(p) = 2*p**2 - 8*p + 8. Let c be q(-8). Suppose 2*o + c = -u + 3*u, 2*o - 528 = -5*u. Calculate the greatest common divisor of 13 and u.
13
Let h = -423 + 599. Calculate the highest common factor of 11 and h.
11
Let i be 16 + -13 + (19 - 0). Suppose 0*f - s - i = f, s - 86 = 3*f. Let d = f + 39. What is the highest common divisor of d and 18?
6
Let t(g) = 2*g**3 + 6*g**2 - 52*g. Let j be t(6). What is the greatest common divisor of 126 and j?
42
Let y(p) = -3*p**3 - 4*p**2 - 11*p - 24. Let t be y(-3). What is the highest common factor of t and 81?
27
Suppose 4 = 2*k - 0*k, 3*y = 5*k + 41. Calculate the greatest common factor of y and 272.
17
Let c = 28 + -16. Let o be 40/(-12)*c/(-8). Let m = 6 + 9. Calculate the highest common divisor of o and m.
5
Suppose -w - 2*i + 58 = 0, 2*w + 4*i + 64 = 3*w. Calculate the greatest common divisor of 12 and w.
12
Let y be (11/2 - 3)*2. Suppose 4*o - 38 = -5*t, 2*o + 15 + 11 = y*t. Calculate the highest comm